est common divisor of 10 and n?
10
Let y be (-1 - 0)*(-360)/4. What is the greatest common divisor of y and 30?
30
Let p(f) = -f**2 - 16*f + 2. Let o be p(-12). Calculate the greatest common factor of 125 and o.
25
Let c(h) = -h + 4. Let y be c(6). Let n be (-354)/(-10) + y/5. Let x be 18/(-30) - (-38)/5. Calculate the highest common factor of n and x.
7
Let y be 4/(-8) - 225/(-2). Let o be 54/(-21)*y/(-6). What is the greatest common factor of 32 and o?
16
Let o be (-1)/(-4) - 2030/(-40). What is the highest common factor of 459 and o?
51
Suppose -4*b - 45 = -3*y, 0 = -2*b - 3*b - 15. Calculate the highest common divisor of y and 22.
11
Let h(i) = -17*i - 12. Let t be h(-4). What is the greatest common divisor of t and 14?
14
Let z be (-10)/((-3)/6 + 0). Let d be ((-60)/9)/((-4)/18). What is the greatest common factor of z and d?
10
Suppose r = 3*s + 187, -6*r + 739 = -2*r - 3*s. Suppose -11 - r = -5*l. Calculate the highest common factor of 13 and l.
13
Let k = 119 - 68. Suppose -7*l + 21*l = 476. What is the greatest common factor of k and l?
17
Let u(q) = -q**3 + 14*q**2 - 10*q + 11. Let c be u(13). What is the highest common divisor of 25 and c?
25
Suppose 2*r = -r + 225. Suppose -f = -4*i + 105, 5*f = -4*i - 0*f + r. What is the greatest common divisor of i and 5?
5
Suppose -4*r + 8 = 0, 2*r + 7 = s + 4*r. Suppose 4*b - 464 + 28 = -x, s*b = -3*x + 336. Suppose -40 = -3*a - 4. What is the highest common factor of b and a?
12
Suppose -2*o - 4 = -12. Let r(a) = -a + 1. Let l be r(1). Suppose l*s - 144 = -4*s. Calculate the greatest common factor of s and o.
4
Let f be 0/(-3) + 2 - -10. Let i = -5 - -17. Calculate the highest common factor of i and f.
12
Let f = 34 + -18. Calculate the greatest common divisor of f and 8.
8
Suppose -25 = -9*h + 4*h. Suppose -h*x + 0*x = 55. Let n = 19 + x. What is the greatest common factor of n and 20?
4
Let b = 6 - 4. Suppose 7*j - 140 = -3*s + b*j, 133 = 3*s - 2*j. Calculate the greatest common divisor of s and 5.
5
Let g = 44 + -42. Let y(h) = h**3 + 8*h**2 - 2*h - 11. Let w be y(-8). Calculate the greatest common factor of g and w.
1
Let p be -4 + 2 + 216/2. Let g = p - 57. Calculate the highest common factor of 7 and g.
7
Suppose -2*w = -4, 0*y - 4*y + 92 = 2*w. Calculate the greatest common divisor of 22 and y.
22
Let g = 14 - 8. Calculate the highest common factor of g and 54.
6
Let u(p) = -2*p. Let b be u(-1). Suppose b*a = 5 + 29. What is the highest common divisor of a and 119?
17
Suppose -5*r + 5 = -0. Suppose 23 = 2*k - r. What is the highest common factor of k and 12?
12
Let p(d) = 5*d**2 - 8*d + 10. Let q be p(2). Let u be 33 - -2 - (-1 + 1). What is the highest common divisor of q and u?
7
Let g(o) = -o**2 + 8*o - 1. Let z be g(6). What is the greatest common divisor of z and 110?
11
Suppose 4*d - 6 = -2. Let h be (1 - d/1) + 70. Calculate the highest common factor of h and 10.
10
Suppose 2 = 2*p - p. Let i be (-2 + 4)/(p/(-220)). Let q be (-4)/(-6) + i/(-12). Calculate the highest common factor of q and 209.
19
Let m = 15 - -30. What is the highest common factor of 9 and m?
9
Let y be (-3)/(9/(-6)) - -3. Calculate the highest common divisor of y and 1.
1
Suppose -52 = -5*s + s + 4*p, -3*s + p + 33 = 0. What is the greatest common factor of s and 70?
10
Let d = -121 - -220. Calculate the greatest common divisor of d and 9.
9
Suppose -3*i + 351 = 5*x - 6*i, 3*x - 231 = -5*i. Suppose -4*z - 29 = -65. What is the greatest common divisor of z and x?
9
Let x = 2 - -9. Let f = 19 + x. Let b = 13 + -1. What is the highest common factor of b and f?
6
Let l = 1 + -1. Suppose -3*q = -l*q. Suppose q = g + g - 20. Calculate the greatest common divisor of 70 and g.
10
Suppose 2*d = -2*d + 3*r + 174, d = r + 44. Calculate the highest common factor of d and 12.
6
Suppose -61 = -3*f + 5*d, -3*d + 3 = -0. Calculate the greatest common factor of f and 33.
11
Let h(n) = 5*n**2 - n**3 + 0*n + 1 - 4*n + 1. Let q be h(4). Suppose o + 72 = q*o. What is the highest common factor of o and 8?
8
Suppose -40 = -4*x + x - 5*z, z = -1. Calculate the highest common factor of 3 and x.
3
Suppose -4*k + 44 - 2 = -5*b, -k + 21 = 4*b. Calculate the greatest common divisor of 39 and k.
13
Let c = 0 + 2. Suppose -4 - 2 = -c*a. Suppose 5*r - 4 - 5 = 4*n, 2*n - 1 = -a*r. Calculate the highest common divisor of 3 and r.
1
Let t = 12 + -6. Calculate the highest common divisor of 6 and t.
6
Let o = 36 + -19. Suppose -2*k + 89 = -81. Calculate the greatest common factor of k and o.
17
Let z be 3 - 1*(-3 + 1). Let n = 17 - z. What is the greatest common factor of 48 and n?
12
Suppose -25 = -5*o - 10. Let q(l) = 3*l**3 + 16 - 13 - o*l**2 - 5*l**3. Let r be q(-3). What is the highest common factor of r and 10?
10
Let p = 1495 - 912. What is the highest common factor of 53 and p?
53
Suppose -4*s + 0*s - 4*k + 24 = 0, -2*s + 3*k = 3. Let a be ((-2)/4)/(s/(-18)). What is the greatest common divisor of 3 and a?
3
Suppose 77 = o - 4*l, 5*o - 2*l + 0*l = 385. What is the greatest common factor of o and 22?
11
Suppose 3*g - 4 = -g. Let m = g + 41. What is the highest common factor of m and 14?
14
Let n = 10 - -5. Let b(w) = -w + 7. Let j be b(7). Suppose 0 = -j*i + 4*i - 24. Calculate the greatest common factor of i and n.
3
Let x = 7 + -3. What is the highest common factor of 20 and x?
4
Let g be 4 - 0/3 - -1. Calculate the highest common divisor of 40 and g.
5
Let u be -2 + 8/(-4) + 16. What is the highest common factor of 8 and u?
4
Let s(p) = 2*p**2 - 5*p - 5. Let y be s(5). Let h = y - 6. Calculate the highest common factor of 56 and h.
14
Let c(d) = -d**2 + 14*d + 4. Let v be c(6). Let m(y) = -y**2 + 10*y + 10. Let x be m(9). Let h = x - 6. Calculate the greatest common factor of h and v.
13
Let x = 145 - 104. What is the greatest common divisor of x and 205?
41
Let h(m) = -m + 10. Let j be h(-8). Calculate the greatest common factor of 144 and j.
18
Let c(o) = -193*o**3 - 2*o**2 - o. Let u be c(-1). Suppose -4*r + u = -r. Suppose r = 2*p + 2*p. Calculate the highest common factor of 4 and p.
4
Let c(s) = 7*s**2 - s. Let z(b) = b**2 - 6*b + 5. Let v be z(6). Suppose v*f - f - 4 = 0. Let r be c(f). Calculate the greatest common factor of 1 and r.
1
Let g(i) = 5*i - 10. Let p be g(10). Suppose -n = -6*n + p. Calculate the highest common factor of n and 88.
8
Suppose -5*x = -12 - 88. Let h(r) = -r**3 - 4*r**2 + 8*r + 6. Let n be h(-6). Suppose 2*f + f - n = 0. Calculate the greatest common factor of x and f.
10
Let h(u) = u**2 + 4*u. Let s be h(-7). Suppose p - 32 = -5*v, -3*v + 9 = 2*p - 6. Calculate the highest common factor of s and v.
7
Let b(r) = r**3 - 3*r**2 - r + 5. Let z be b(4). Let g = z - 3. Suppose -k = 1, -p + k = 2*k - g. Calculate the greatest common factor of 10 and p.
5
Let t be -34*(0 - -4)/1. Let f be 2/(t/(-44) + -3). Calculate the highest common factor of 33 and f.
11
Let w = -240 + 348. What is the highest common divisor of w and 36?
36
Let a(d) = -7*d + 2*d**2 + 0 + 4*d + 2 - 1. Let f be a(4). What is the greatest common factor of 3 and f?
3
Let z be 34 + (-3)/(-6)*-2. Calculate the highest common divisor of z and 297.
33
Suppose 48 + 186 = 3*z. Suppose -2*l - z = -4*f, 4*f - 64 = l + 11. Calculate the greatest common factor of f and 126.
18
Let w be (-4)/30 - 2712/(-90). Calculate the highest common divisor of w and 270.
30
Suppose 3*n = 4*n - 5. Suppose -2*m + 132 = b, n*b = 3*m - 0*m - 172. What is the greatest common factor of 8 and m?
8
Suppose -5*r = w - 248, 0 = -4*r - 0*w + 2*w + 204. Let v = r + -32. Suppose 0 = 5*n - 16 - 14. Calculate the highest common divisor of n and v.
6
Let s = 52 - 27. What is the highest common factor of s and 10?
5
Suppose -3*g = -4*g - 31. Let a = g - -56. Let i = 20 + a. What is the greatest common factor of i and 9?
9
Suppose -3*l = -5*l + 2. Suppose 0 = 5*r + 5*w + 25, -5*r + 2*w = 40 + 6. Let g = r + 12. What is the highest common factor of g and l?
1
Let s be 20*((-5)/25 + (-21)/(-30)). Calculate the highest common divisor of s and 10.
10
Let p be (-8)/(-28) - (-5372)/14. Suppose -4*b + p - 90 = 3*x, -2*x = -5*b + 356. Let j be 8 + 2/(-2) + 1. What is the highest common divisor of j and b?
8
Suppose 36 = 8*t - 2*t. What is the greatest common factor of 9 and t?
3
Let y be (